+ 0*h. Let p be q(0). What is the greatest common factor of p and 70?
14
Suppose f - 25 = -4*f. Suppose -51 = 2*q + x, -2*q + f*x - 15 - 54 = 0. Let m = q + 40. What is the highest common divisor of 91 and m?
13
Suppose 4*f - f + l = 32, 3*f - 42 = -3*l. Suppose f*a = 4*a + 35. What is the greatest common divisor of 7 and a?
7
Let l(n) = -2*n**2 - 19*n + 14. Let z be l(-10). What is the greatest common factor of 12 and z?
4
Suppose v - 3*v - a = -2, 10 = -2*v - 4*a. Suppose -r + 6*r = -v*o + 14, 4*r - 5*o + 11 = 0. Calculate the highest common factor of r and 11.
1
Suppose 6 = 3*y, 3*y + 22 = m - 28. Calculate the highest common divisor of m and 8.
8
Suppose -3*i - 30 = -5*q, -3*i = -5*q - 2*i + 30. Suppose 0*l = -2*l + 84. Calculate the greatest common divisor of q and l.
6
Suppose -15 - 33 = -4*p. Calculate the highest common factor of 108 and p.
12
Suppose -r = -4*r + 195. Let j = -45 - -76. Let v = j - 18. What is the greatest common divisor of r and v?
13
Let i(g) = g**3 + 7*g**2 + 6*g + 7. Let h be i(-5). What is the highest common divisor of 189 and h?
27
Let r(n) = -n**2 + 2*n - 11 + 19*n - 7*n. Let o be r(13). What is the highest common factor of 2 and o?
2
Let f be ((-1188)/(-55))/((-1)/(-5)). Let p = 12 - 21. Let v be (-2)/9 - 110/p. What is the greatest common factor of v and f?
12
Suppose 0 = 6*f - f - 3*s, s = -f. Suppose 3*i - 5*i + 28 = f. Calculate the greatest common factor of i and 28.
14
Let z = -2 + -2. Let r be z/6*(-792)/8. Let p = r + -46. Calculate the greatest common divisor of p and 30.
10
Suppose -4*h - 1 - 11 = 0. Let m = -5 - h. Let t = 4 + m. What is the greatest common divisor of 1 and t?
1
Suppose -3*p - 170 = -8*p. Suppose 8*r - 3*r + 85 = 0. Let o = r + p. Calculate the highest common factor of 17 and o.
17
Suppose 4*l = -3*q + 10, 4*l = 2*q + 3*l - 3. Let j(b) = 2*b - q*b + 2*b - 3*b. Let s be j(-2). Calculate the greatest common factor of 5 and s.
1
Let l(n) = 11*n - 28. Let x(h) = 6 + 4 + 0 + 4 - 5*h. Let c(a) = 6*l(a) + 13*x(a). Let f be c(-10). What is the highest common factor of f and 6?
2
Let v = -4 + 6. What is the greatest common divisor of 16 and v?
2
Let f be 130/2 + (-11 - -12). Calculate the greatest common factor of 44 and f.
22
Let l(h) = 18*h**2 + 2*h - 4. Let u be l(2). What is the greatest common divisor of u and 9?
9
Let h be 1/3 - (-100)/15. Let g(v) = v**2 - 4*v - 1. Let i be g(h). Suppose 2*a - 50 = a. What is the highest common divisor of a and i?
10
Suppose l - 2*l + j + 105 = 0, 5*l = 2*j + 522. What is the highest common factor of l and 13?
13
Let v(g) be the second derivative of g**5/20 - 5*g**4/6 + 11*g**3/6 + 3*g. Let b be v(9). Calculate the greatest common divisor of b and 6.
6
Suppose 0 = 5*p - 10, 5*m = 4*p + 2 - 5. Let q = 8 + 0. Calculate the greatest common factor of m and q.
1
Let g(d) = -d**2 + 5*d + 5. Let j be g(5). Suppose 0*c - j*c = -315. Let p be -2*c/(-6) + -1. What is the highest common divisor of 10 and p?
10
Let d be -3 - (-7 - -12)*94/(-5). Calculate the greatest common factor of d and 13.
13
Let c(f) = f**2 + 3*f + 3. Let s be c(3). What is the greatest common divisor of s and 3?
3
Suppose 0 = x + w - 7 - 4, 3*x + 5*w = 27. Suppose -5*o + 116 + 1284 = 0. Suppose o = y + 3*y. What is the greatest common divisor of x and y?
14
Suppose 2*d - 79 - 9 = 0. Calculate the greatest common factor of 4 and d.
4
Let p(u) = 6*u + 1. Let a be p(1). Suppose -2*n = a - 11. Calculate the highest common factor of n and 6.
2
Let u(w) = -6*w. Let i(l) = -l**3 - 5*l**2 + 8*l + 7. Let s be i(-6). Let t be u(s). What is the highest common factor of t and 15?
15
Let b be 12*(-3)/9*-2. Let d(w) = 5*w**2 - w. Let n be d(1). Calculate the highest common factor of n and b.
4
Let h = -40 + 73. Calculate the greatest common divisor of h and 22.
11
Let v be ((-184)/(-2))/4*1. What is the highest common divisor of 161 and v?
23
Let y = 104 - 96. What is the greatest common factor of y and 64?
8
Let f(c) be the second derivative of 1/12*c**4 + 0 + 1/2*c**2 - 3*c + 5/3*c**3. Let g be f(-11). What is the greatest common factor of 12 and g?
12
Let t be (-24)/(-2) - (1 + -1). Suppose 4*d - 202 = 70. Let f = d - t. Calculate the greatest common factor of 8 and f.
8
Suppose 2*x = -i - 2*x + 27, 4*i = 5*x + 45. Let y(w) = 20*w. Let b be y(6). What is the highest common divisor of b and i?
15
Suppose 3*q = -2*i - 15, -q = i + 4*q - 3. Let a = i - -30. Calculate the highest common factor of a and 6.
6
Suppose -w = 4 + 2. Let t be (-15)/(w/(-2))*-2. Let f be (-4)/t - 564/(-10). What is the greatest common factor of f and 7?
7
Let g = -111 + 120. What is the greatest common divisor of 27 and g?
9
Let q(s) = 5*s**2 + 2*s + 1. Let p(z) = z + 1. Let r be p(-2). Let h be q(r). Let u be 1*96/(6/2). What is the greatest common divisor of h and u?
4
Suppose 30 = 2*a + 2*y, 0 = -5*a - 4*y - 0*y + 76. What is the highest common factor of a and 112?
16
Let f(l) = l**2 + 5*l - 9. Let k be f(-9). What is the highest common divisor of 9 and k?
9
Let a(h) = -66*h. Let w(d) = -d**3 - d**2 - d - 1. Let z be w(0). Let x be a(z). Suppose 0*i = 3*i - x. What is the greatest common factor of 33 and i?
11
Suppose 0*c = -5*c + 600. Suppose 0 = -f + 4*k + 27, 0*f - 2*k = -3*f + 51. What is the highest common divisor of c and f?
15
Let j(h) = -h**3 + 7*h**2 + 4*h - 13. Let d be j(7). Calculate the greatest common factor of 30 and d.
15
Let l be 8*-6*5/(-10). Calculate the greatest common factor of 48 and l.
24
Let h(l) = -l**2 - 17*l + 6. Let d be h(-17). Calculate the greatest common factor of d and 18.
6
Let n be (-6)/(2*12/(-16)). Suppose 2 = -3*t - 2*q + n*q, -3*t + 22 = 4*q. Calculate the highest common factor of 14 and t.
2
Suppose 4*q = 16, -4*q + 16 = 4*d - 0*q. Suppose d = -4*n - 5*p + 2 + 7, -2*n = p - 3. What is the highest common factor of 8 and n?
1
Let b = -1 - 2. Let l = b - -5. Suppose -p + 0*a + 13 = -3*a, l*a = -4*p + 108. What is the highest common divisor of p and 5?
5
Let r(c) = c**3 - 5*c**2 + 3*c - 1. Let n be r(5). Suppose -5*y + 3 = 8. Let x be (1*y)/((-1)/2). Calculate the highest common divisor of n and x.
2
Let t(b) = 3*b**2 + 5*b**2 - 5*b**3 - 7 + 4*b**3 - 6*b. Let v be t(7). Let y(l) = -l + 99. Let h be y(v). What is the greatest common factor of 11 and h?
11
Suppose -41 = -3*n + 4. Suppose 63 = y - 2*b - n, 319 = 4*y - b. What is the greatest common factor of 16 and y?
16
Let n(a) = -25*a - 6*a - 22*a + 1. Let t be n(-1). Suppose -30 = -3*i - 2*i. What is the greatest common factor of t and i?
6
Suppose -3*s = 4*f - f, 2*s - 6 = -4*f. Let n be (3*-1)/((-3)/(-2)). Let k be -2 - n - (-3 - 0). What is the highest common factor of f and k?
3
Let k(h) = 16*h + 2. Let i be k(2). Suppose -3*s + 2 + i = 0. Calculate the highest common factor of s and 6.
6
Suppose -a + 12 = -109. Suppose 3*d - a = 2*d. Calculate the greatest common factor of 11 and d.
11
Suppose -105 = -0*q - q. Suppose 4*t + 3*u - 81 = 0, -2*t + 5*u - q = -7*t. Calculate the highest common factor of t and 162.
18
Let q be (-23 - 1)*12/(-16). Suppose -j = -3*j - 2*x + 28, -2*j - 5*x + 34 = 0. Calculate the highest common divisor of j and q.
6
Let m(p) = 11*p - 2*p + 2*p. Let s be m(5). Suppose -3*j + 20 = j. What is the highest common factor of s and j?
5
Let r be 2/8 + (-501)/(-12). Calculate the highest common factor of r and 21.
21
Let m = -44 + 52. Calculate the highest common factor of 8 and m.
8
Let v = 10 + 3. Let o(p) = p**3 + 12*p**2 - 12*p - 1. Let w be o(-12). Calculate the greatest common factor of v and w.
13
Suppose -a - 8 = -4*n, 0 = -5*n - 0*n + 10. Suppose a = -6*y + y. Suppose 0*i - 2*i - 3*x + 25 = y, 3*x = 9. Calculate the greatest common factor of 40 and i.
8
Let g(t) = 3*t**2 + t - 1. Let p be g(-2). Suppose -3*d = -n + 8, n - 2*d = p - 1. Calculate the highest common divisor of 2 and n.
2
Suppose 9 = -2*q + 5*q. Suppose 3*w - 33 = 3*p, -5*p - 7 = q*w - 4*w. What is the greatest common divisor of 36 and w?
12
Let w(x) = 8*x**2. Let n be w(-1). Suppose 0 = 4*k - 12 - 0. Suppose -b + 4*b = -c + 21, 117 = 5*c + k*b. Calculate the greatest common divisor of n and c.
8
Let a = 14 - 3. Let d be 2/(-14) + (-390)/(-35). Calculate the greatest common factor of a and d.
11
Let o = -10 + 27. Let g(n) = -n. Let b be g(-2).